-13). Calculate the highest common factor of h and 90.
10
Let w = -32 - -102. Calculate the highest common divisor of 20 and w.
10
Let a be 808/9 + (-52)/(-234). What is the highest common divisor of a and 330?
30
Let t = -344 + 424. What is the greatest common factor of t and 15?
5
Let t(v) = 17*v - 6. Let b be t(2). Let a be (-106)/(-8) + (-4)/16. Let q = -6 + a. What is the greatest common divisor of b and q?
7
Let g be (-23)/(-2) - 1/(-2). Let p = 2357 + -2341. What is the highest common divisor of p and g?
4
Let u(z) = z**3 + 11*z**2 - 3*z - 25. Let m be u(-11). Calculate the highest common divisor of m and 8.
8
Suppose -5*v = -4*c + 112 + 115, 0 = 4*v + 12. Calculate the highest common divisor of 2597 and c.
53
Suppose -3*p + 66 = 3*t, 4*p - 5*p - 4*t = -28. Let j = -53 + 125. Let y = -42 + j. What is the highest common factor of y and p?
10
Let s = 17 + -13. Suppose 5*o + 4*b - 66 = -0*o, -2*o - s*b = -36. Let p be (28/o - 2)*20. Calculate the greatest common factor of 32 and p.
16
Let i(m) = -2*m + 38. Let b be i(0). Let p = 17 + b. What is the greatest common divisor of p and 5?
5
Let f(w) = -14*w - 481. Let r be f(-35). Suppose 2*g + 4 = 4*g. Suppose 5*c = -g*o + 5*o + 3, -5*o = -5*c - 5. What is the greatest common divisor of c and r?
3
Let q = -3194 + 3381. Suppose -68 = 2*b - 6*b. Calculate the greatest common divisor of b and q.
17
Suppose -60*d + 160 = -59*d. Suppose 5*o = -185 + 505. What is the greatest common factor of o and d?
32
Let w be (22/(-5))/((-1)/45). Suppose -j = -4*j + w. Suppose -264*i + 263*i + 26 = -5*s, -i + 18 = -3*s. What is the highest common factor of j and i?
6
Let x(r) = 5*r**2 - 2*r**2 - 5 + 1 - r - 2*r. Let c be x(-4). Calculate the highest common divisor of 8 and c.
8
Let r be (-3)/((-12)/4) + -2. Let y(n) = -26*n**3 - n. Let a be y(r). Calculate the greatest common divisor of 9 and a.
9
Let r = 8 + -18. Let o = r - -8. Let w be 243/6 - (-1)/o. What is the greatest common factor of w and 8?
8
Let m(u) = 14*u**2 + 7. Let y be m(5). What is the highest common divisor of y and 42?
21
Let g(p) be the third derivative of -13*p**4/24 + 11*p**3/6 - p**2. Let u be g(10). Let t = 34 - u. What is the greatest common divisor of 17 and t?
17
Suppose 0 = 2*z - 0 - 8. Let s = 7 - z. Suppose -s*j = -2*j - 35. Calculate the highest common divisor of j and 14.
7
Let v(a) = -a**3 - 7*a**2 + 5*a + 2. Let j be v(-8). Let d = j + -12. Suppose 2*x - d - 4 = 0. What is the greatest common divisor of 6 and x?
3
Let u(b) = b**3 + b**2 - 16*b + 2. Let v be u(5). Let i be (-99)/(-12) + (-7)/28. What is the highest common factor of v and i?
8
Suppose -5*s + 123 = -7. Let w = -140 - -142. Calculate the greatest common divisor of s and w.
2
Let j be (-10)/(-6) - (-84)/36. Calculate the highest common divisor of j and 1084.
4
Suppose -2*k = 2*i - 138, -2*k + 366 = 3*k - 2*i. Let m = 40 + -22. Let q be m - 0/(2/2). What is the highest common factor of q and k?
18
Let k = 2184 - 2074. Suppose 2*r + 35 = 4*r + 5*c, -5*r + 97 = 3*c. Calculate the highest common divisor of r and k.
10
Suppose 97 = 4*v - 31. Let t(g) = -52 - g + 5*g - g + 9*g. Let i be t(5). Calculate the greatest common factor of i and v.
8
Let s be ((-16)/6)/(2 - 32/12). What is the greatest common factor of 28 and s?
4
Let p = -84 + 87. Let k be (-234)/4*(0 - (p + -1)). Calculate the highest common factor of 13 and k.
13
Suppose 7*q + 6 = 9*q. Suppose b - 94 = -0*r + r, -q*r + 82 = b. What is the highest common factor of 7 and b?
7
Let s = 1671 - 1543. What is the highest common factor of 96 and s?
32
Suppose 0 = -4*p + 4 - 20. Let j be 1 - p*(1 - 0). Suppose 3*t - 21 = -2*k, -2*k - 15 = -j*k + t. What is the highest common divisor of 54 and k?
6
Let t = -185 + 314. Suppose 0 = 4*u + h - 117, 0*h + t = 4*u - 3*h. Let l = 8 - 5. Calculate the highest common divisor of l and u.
3
Let i(n) = 2*n - n**3 + n - 6*n - 6*n**2 - 35 - 10*n**2. Let z be i(-16). What is the greatest common divisor of 91 and z?
13
Suppose 0 = 3*i - i - 10, -4*x - 4*i = 4. Let g = 41 + x. Suppose -3*h - 45 = -3*k, 28 = 3*k + 5*h - 9. Calculate the greatest common factor of g and k.
7
Let o = -27 - -50. Let r(j) = -72*j + 959. Let h be r(13). Calculate the greatest common factor of h and o.
23
Let j be (-1)/(-7) + 3 + (-80)/(-28). What is the highest common factor of j and 102?
6
Suppose 2*w = -3*w + 3*l + 941, 2*l + 4 = 0. Calculate the greatest common factor of 68 and w.
17
Let n(f) = 2*f - 2 - 5*f**2 + f**3 - 13*f + 12*f**2 - 6. Let r be n(-8). Calculate the greatest common factor of 128 and r.
16
Suppose w = -4*i + 14, -11*i + 27 = 3*w - 14*i. Calculate the highest common divisor of w and 3530.
10
Let g(u) = -66*u - 25. Let k be g(-1). Calculate the greatest common factor of 2 and k.
1
Suppose -5*x - 4*b = -66, 2*x - x - 2 = 2*b. Let w be x*6 + -1 + 1. Suppose 14*l - 11*l - 120 = 0. What is the highest common divisor of w and l?
20
Suppose -f = -3*u + 14, 18*u - 17 = 14*u + 3*f. What is the greatest common divisor of u and 55?
5
Suppose 0 = -5*l - 154 + 59. Let v = l - -28. Let p be 6/v*(-108)/(-8). What is the greatest common factor of 72 and p?
9
Let t = 17 - 11. Let h be (-2)/t - 625/(-3). What is the greatest common divisor of h and 16?
16
Let q = -49 - -52. Suppose q*d = -15, -d - 43 = -4*f - 6. What is the highest common divisor of 64 and f?
8
Let o = -37 + 20. Let l = o + 36. Let g(m) = 75*m**3 + m**2. Let z be g(1). What is the greatest common factor of z and l?
19
Suppose 27 = s + 3*t, -3*t = 4*s - 5*t - 164. Calculate the greatest common factor of s and 351.
39
Let u = -19 - -23. Suppose -2*g + 4 = -0. Calculate the highest common factor of g and u.
2
Let j be -10 + 14 - 2*1. Suppose -j*o + 16 = -8. Suppose -d - 3*u = -6 - 11, 3*u = o. Calculate the greatest common factor of 25 and d.
5
Let s(d) = -d**3 - 2*d**2 + d. Suppose 5*t + 17 - 2 = 0. Let u be s(t). Suppose -u - 4 = -2*r. What is the greatest common divisor of r and 20?
5
Suppose 0 = 2*m + 709 + 1335. Let t = m - -1535. Suppose -3*k + t = -3*n, 0*n - 709 = -4*k - n. Calculate the greatest common divisor of 16 and k.
16
Suppose s + 2 = 10. Let f(z) = 61*z + 3054. Let m be f(-50). What is the highest common divisor of s and m?
4
Let p be (10 - 9) + -4*1/(-1). Let g(i) = -2 + 4 - 1 + 4 + 5*i. Let y be g(p). Calculate the greatest common divisor of 30 and y.
30
Suppose 2*n + 2*n = 148. Let d(s) = -133*s + 946. Let i be d(6). What is the highest common factor of i and n?
37
Suppose 110 = 87*b - 82*b. What is the greatest common factor of b and 176?
22
Let y = 50 + -30. Let p be (-150)/y*(-4)/6. Calculate the highest common factor of p and 25.
5
Let p be (229 - 5) + 4 - (1 + -7). Calculate the greatest common divisor of p and 585.
117
Let i(b) = 37*b + 6. Let w be i(2). Suppose -14*o = -19*o + w. What is the greatest common divisor of 16 and o?
16
Let l = 183 - 66. Suppose -j = -10*j + l. What is the greatest common factor of j and 13?
13
Let y = -40 + 53. Let x(k) = -k - 19. Let a be x(-20). Calculate the highest common divisor of y and a.
1
Suppose 0 = -5*k - 10, -v - k = -3*k. Let h = v + 23. Suppose -114 = -13*j + 11*j. What is the highest common factor of h and j?
19
Suppose 0 = -4*b, 3*k - 2*b + 28 = -8. Let z(m) = -m + 0*m + 3 - 11. Let a be z(k). What is the highest common divisor of a and 20?
4
Suppose 4*o + 2*y + y + 116 = 0, 0 = 2*o + 2*y + 58. Let c = o - -45. Calculate the greatest common factor of c and 2.
2
Let f(j) = -j**3 + 7*j**2 - 11*j + 6. Let a be f(4). Let o(v) = v**3 - 10*v**2 + 1. Let r be o(a). What is the greatest common factor of 3 and r?
1
Suppose -3121*s + 32 = -3117*s. Suppose 46 = 4*b - w, -2*b + 34 = 2*w + 3*w. Calculate the highest common divisor of b and s.
4
Let z = 0 + 2. Let w be 17 - (0/(-5) - -3). Let d be 10/35*w/2. What is the greatest common divisor of z and d?
2
Let x be 2/((-1 - 1)/(-72)). Suppose -3*i + 0*i + 24 = 0. Suppose -10*k + 9*k = -i. What is the greatest common factor of x and k?
8
Suppose -3*a - 20 = -8*a. Let s be 4/(a + -8)*-95. Calculate the highest common factor of s and 5.
5
Let z(l) = -9*l + 3. Let c be z(-3). Suppose -2*d - 2*h = -4 - 0, 3*d - 5*h - c = 0. What is the greatest common factor of 25 and d?
5
Let j be (-2)/1*(-50)/20. Suppose -423 = -j*s - t, 0 = 5*s - t -